 - 8 = m, -y + 0*m + 10 = m. Is 3 a factor of y?
True
Let x be (3 - 4/(-4))/(-1). Suppose -8*z + 3*z - 27 = 2*v, 12 = -2*v - 2*z. Is 5 a factor of (v + -1)/(x/16)?
False
Let m be ((-22)/(-4))/((-1)/(-24)). Suppose 6*h - m = 3*h. Does 22 divide h?
True
Let g(u) = -138*u + 2. Is 20 a factor of g(-1)?
True
Suppose 0*q - 160 = -2*q + 5*a, 3*q - a - 253 = 0. Is q a multiple of 4?
False
Does 13 divide 4/10 + (-1095)/(-75)?
False
Let i(v) = -13*v**3 + 2*v**2 - 3*v - 4. Does 25 divide i(-2)?
False
Suppose 1 = 3*p - 11. Let i = p - 5. Does 9 divide 0 - (1 + i - 9)?
True
Suppose 3*r + 3*g - 18 = 0, -3*r + g = -r - 12. Suppose -s - s = -r. Suppose s*n + 0 = 60. Does 10 divide n?
True
Suppose 3*p = -3*t + 21, 5*p = 3*p + 4. Suppose t*b + 12 = 77. Is 5 a factor of b?
False
Let i = 17 + -14. Suppose -2*f + 12 = -2*v, -2*f = -5*v + i - 9. Does 4 divide f?
True
Suppose 7*s + 44 - 625 = 0. Does 5 divide s?
False
Let d(j) = 9*j**2 + 0 - 1 + 3*j + j + 4*j + j**3. Is d(-6) a multiple of 19?
False
Suppose -379 = -3*t - 61. Is 19 a factor of t?
False
Let f(c) = c**2 + 9*c + 10. Let p(n) = n - 16. Let x be p(7). Is 4 a factor of f(x)?
False
Suppose r - 4*k = -2*k + 28, -2*r + 68 = 2*k. Suppose 0 = -2*p + p - 22. Let u = p + r. Is 5 a factor of u?
True
Let q be 294/5 - 12/15. Let w = q - 25. Is 12 a factor of w?
False
Suppose 0 = -2*d + d + 35. Is 8 a factor of d?
False
Suppose -112 = -4*a + 5*q, a - 28 = 4*q + q. Is 7 a factor of a?
True
Let f = 56 - -3. Does 10 divide f?
False
Let r = 7 + -2. Suppose -r*l = -2*z - 0*z, -4*z + l - 18 = 0. Let n(t) = -4*t + 4. Does 11 divide n(z)?
False
Let t(d) = d**3 + 7*d**2 - 3*d - 1. Let q be t(-7). Does 19 divide (-190)/(-4)*16/q?
True
Suppose 3*t - 8*t + 375 = 0. Is 3/(2 - t/42) a multiple of 6?
False
Suppose -3*x + 0 = -3. Suppose 3*i + 41 = -x. Is 0 - (-2 + i + -1) a multiple of 17?
True
Let c(g) = 6*g**2 + 0*g**2 + 2 + 14*g**2 - 2*g. Let u be c(2). Let s = -43 + u. Is s a multiple of 9?
False
Let i be 2 + 0 + 2 - 1. Is 12 a factor of i*4/(-6) - -14?
True
Let y(p) = 5*p**2 - 8*p + 7*p - 4*p**3 + p**3 - 2 + 4*p**3. Is y(-5) even?
False
Let v(s) = s**2 - 7*s + 6 - 2 + 1 + 2. Let a = -8 + 15. Is v(a) a multiple of 7?
True
Is 1/(-4) - 776/(-32) a multiple of 12?
True
Let u(l) = l**2 + l - 6. Let s be u(5). Suppose 2*y - 2 = s. Is y a multiple of 4?
False
Let q = 7 + -5. Suppose -2*v = 5*s - 45, 0 = 2*v + q*v + 2*s - 98. Suppose -v = -3*i - 7. Does 6 divide i?
True
Let p = 3 + 2. Suppose 0 = -p*w - y + 20, -4*y + 7*y = 0. Suppose w*u = -4*t + 72, u + 3*u = 2*t + 72. Is u a multiple of 18?
True
Suppose 3 = y - 0. Suppose 0 = y*r + 2*c - 20, -27 = -2*r + 3*c - 5. Suppose -r*i = -4*i - 48. Is 6 a factor of i?
True
Let d be (-63)/(-12) + (-3)/12. Suppose 2*v - 20 = 4*x, -5*x - 5 = -v + d. Does 10 divide v?
True
Is 11 a factor of (1/3)/((-3)/(-99))?
True
Let z(q) = -q**2 - 15*q - 8. Is 10 a factor of z(-6)?
False
Let i(m) be the first derivative of m**3/3 + 7*m**2 - 9*m - 3. Let c be i(-11). Let r = 86 + c. Is r a multiple of 22?
True
Let p(x) = -x + 5. Let i be p(5). Suppose -2*b - 5*n - 34 = i, 4*b + n + 8 = 6*n. Is 9 a factor of b*5/(35/(-18))?
True
Let s(f) = 265*f + 2. Let w be s(1). Suppose -5*t - 224 = -4*b, -w = -5*b + 3*t - 0*t. Is 11 a factor of b?
False
Suppose 2*t = 4*n - 58, -4*n + 63 = -n + 5*t. Let k = n + 13. Is 10 a factor of k?
False
Let f = 17 + -51. Is 15 a factor of 2/((-6)/(-9)) - f?
False
Suppose -i + 5 = -2*i. Is (40/(-25))/(2/i) even?
True
Let h(a) = -a**3 - 2*a**2 + 2*a. Is h(-3) a multiple of 3?
True
Let s = 7 - -2. Let y = 0 + s. Does 3 divide y?
True
Suppose -2*n - k + 229 = n, 2*n = -3*k + 141. Let p = n + -51. Is 14 a factor of p?
False
Let l = 37 + -21. Is 8 a factor of l?
True
Let y = -8 - -5. Does 5 divide ((-8)/y)/((-1)/(-6))?
False
Let h = -27 + 81. Is 9 a factor of h?
True
Let l = 173 + -98. Is 19 a factor of l?
False
Let x(y) = -54*y - 4. Let l be x(-3). Suppose 4*z + 0*o = -o + l, -160 = -4*z - 2*o. Is 13 a factor of z?
True
Let z(l) = 4*l - 8*l - l. Is z(-1) even?
False
Let a = 14 + -10. Suppose 2*p = -a*o + 28, -o = p + p - 40. Does 9 divide p?
False
Let u(t) = 16*t**2 + 2*t - 3. Does 5 divide u(1)?
True
Let i(b) be the second derivative of b**4/12 - b**3/6 + 3*b**2/2 + b. Let n be (8/(-10))/(2/(-10)). Does 9 divide i(n)?
False
Let l = 26 + -18. Is l a multiple of 7?
False
Let g(h) = -2*h + 3*h - 6*h - h**2. Let l be g(-3). Is 10 a factor of (-2)/(-6) - (-118)/l?
True
Suppose 2*t - 385 = t. Suppose 2*c + 3*c = t. Suppose 4*r - 63 = -z + 4*z, -5*r + 2*z + c = 0. Is 15 a factor of r?
True
Let q = 4 + -3. Suppose o + q = 2*o. Let b(k) = 7*k**2 + k - 1. Does 7 divide b(o)?
True
Let k be -1 - ((-6)/2)/(-3). Let c be k/(-5) - 52/(-20). Suppose -z = j - 6, 6 = j + 4*z - c. Is j a multiple of 5?
True
Let u = -7 - -7. Suppose u - 1 = m. Let i(v) = -25*v - 1. Is 12 a factor of i(m)?
True
Let r(s) = 2*s**2 + 3*s - 2. Let j be r(4). Let w be ((-2)/4)/((-2)/8). Let t = j + w. Is 12 a factor of t?
False
Let r be (-4)/22 + 2000/110. Suppose -r = -v - v. Is v a multiple of 3?
True
Let y be 1*2/(-4)*-6. Suppose 0 = y*l - 2*l - 60. Suppose 0 = -4*s + 2*s + l. Is s a multiple of 10?
True
Is 205/9 + (-26)/(-117) a multiple of 4?
False
Let z = -27 + 121. Let p = z - 20. Does 20 divide p?
False
Suppose -3*n = 2*n - 10. Let j(i) = -i**2 + 4*i + 1. Let r be j(3). Does 19 divide r/n + (6 - -26)?
False
Let h(p) = p**3 - 12*p**2 - 13*p + 8. Is 3 a factor of h(13)?
False
Suppose -3*q - 2*o = -6*q + 550, -o = -4. Is q a multiple of 31?
True
Let g = -1 - -15. Let z be (-3)/5 + 9/15. Does 7 divide 0 + (g - (0 - z))?
True
Let r = -3 - 0. Let s be -1 + -1 + 1 - r. Is 3 + ((-2)/(-1))/s even?
True
Suppose -8 = -f - 3*f. Suppose -165 = -f*j - 1. Is j a multiple of 25?
False
Let s be (6/(-15))/(2/(-10)). Let b(u) = -4*u - s + u**2 + 6 + 1 - 1. Is b(6) a multiple of 8?
True
Suppose 43*z + 297 = 46*z. Does 15 divide z?
False
Suppose -4*c - 48 = -5*c. Is c a multiple of 6?
True
Let a = -75 - -131. Is a a multiple of 28?
True
Suppose 5*k - 28 = 102. Let l be (-2)/6 + 3/9. Suppose -k = -s - l*s. Is s a multiple of 13?
True
Does 25 divide (18/5)/((-148)/50 + 3)?
False
Does 12 divide (-543)/(-15) + (-3)/15?
True
Let r = 1 + -3. Let x = r + 2. Suppose -c + 16 = -x*c. Is c a multiple of 8?
True
Suppose d + 2 = 2*z - 0, 3*d + z = -6. Let w(g) = g - 8. Let v be w(6). Is 6 a factor of 26/2 - v/d?
True
Suppose -41 = -3*z - 4*x, 4*z - 5*x = -0 + 3. Does 7 divide z?
True
Suppose 0 = -4*q + 12 + 40. Is q a multiple of 13?
True
Let b = 53 - 103. Let a be (1 + 0)*b/(-2). Suppose -5*l = -a - 25. Is l a multiple of 10?
True
Let w(h) = h**2 + h - 2. Let q be w(-4). Let z = q + -6. Does 4 divide z?
True
Let m(n) = n**3 - n**2 - n - 3. Let x be m(0). Does 13 divide 1 + 12*(-1 - x)?
False
Suppose 0 = -5*f - 10, -2*u - 2*u = -4*f - 72. Is 16 a factor of u?
True
Let m = -102 - -282. Is 45 a factor of m?
True
Suppose -5*l - 5*w + 427 = -128, 0 = -2*l + w + 219. Let v be l + 1 + 0 - 1. Suppose -3*s + v = 2*s. Does 11 divide s?
True
Let q(y) = 2*y**3 - 6*y**2 + 5*y - 1. Is 27 a factor of q(4)?
False
Let v(s) = s**3 + 4*s**2 + s - 5. Let a be v(4). Suppose -3*h + t = -a, 3*t + 2*t - 37 = -h. Is h a multiple of 16?
False
Let y = 38 - 17. Is 8 a factor of y?
False
Suppose 2*h = -c - 2*h + 46, 78 = 3*c - 3*h. Does 5 divide c?
True
Let l = 158 - 2. Is 26 a factor of l?
True
Let c(b) = b**2 + 8*b + 24. Does 9 divide c(-12)?
True
Suppose 84 + 42 = 3*o. Suppose 3*r - o = 5*r. Let z = -14 - r. Does 7 divide z?
True
Let l = 69 + -19. Is 5 a factor of l?
True
Let g(l) = 34*l**2 + 12*l + 3. Is g(-2) a multiple of 13?
False
Let r(h) = h**3 + 6*h**2 + 7*h + 4. Let f be r(-4). Let l = f - -6. Is l a multiple of 7?
True
Is (56/(-5))/((-6)/15) a multiple of 7?
True
Let t = 10 + -21. Let w(n) = -n**3 - 12*n**2 - 15*n - 7. Does 8 divide w(t)?
False
Let b = 27 - 11. Is b a multiple of 3?
False
Let v(w) = w**3 - 5*w - 20. Let x(j) = -j**3 + 6*j + 20. Let a(p) = -5*v(p) - 4*x(p). Does 10 divide a(0)?
True
Let c(n) = n - 19. Let f be c(12). Let t(m) be the third derivative of -m**6/120 - 7*m**5/60 - m**4/12 + m**3 + m**2. Is 10 a factor of t(f)?
True
Let i be 2/4 + (-2295)/(-18). Suppose -3*c + 19 = -i. Does 21 divide c?
False
Suppose -2*l = -4*l + 4. Let o be (12/(-3) + 3)*-3